)
9
Calculate (-3 - -5) + -2 - (-7 + 26 + -7).
-12
What is the value of 21 + (15 - -2) + -14?
24
-14 + 11 + -6 + -9
-18
What is 2 + (18 - -11) + -36?
-5
What is -62 + 59 - (11 + 2)?
-16
-13 + 4 + -9 + (-4 - -2)
-20
What is -5 + 48 + -65 + 5 + (-2 - -2)?
-17
Calculate (-37 - -43) + (13 - -3).
22
What is 122 + -105 + (6 - 1)?
22
What is the value of 1 - 0 - (3 - 14 - (1 - -2))?
15
Evaluate 33 - 32 - (-11 + (3 - -1)).
8
15 + -8 + (-7 - -2)
2
Evaluate -2 - (11 + (3 - 12)).
-4
1 + (-4 + -5 - 1) - (-61 - -58)
-6
What is 7 + (1 - (28 - 7)) + 7?
-6
What is the value of (-3 - 21) + 0 - (3 - 8)?
-19
Calculate 5 + ((6 - (6 + -4)) + -8 - -4).
5
What is the value of (2 - 2) + (-16 - -17 - (6 - 5))?
0
Calculate -7 - (7 + 1 + -16) - (-5 + -3).
9
What is the value of -3 + 13 + (-144 - -112)?
-22
What is the value of -37 + 37 + 2 + (-30 - 2)?
-30
10 - (7 + 0) - (22 - 21)
2
Calculate (0 - -11) + -18 - -1.
-6
What is 7 + (-9 - -8) + (3 - -4)?
13
Evaluate (0 + 7 - (-1 + (22 - -1))) + 8.
-7
What is (-3 - 3) + 30 + -22 + (0 - 5)?
-3
What is the value of -2 - (-7 - -19) - -10 - (-1 - 4)?
1
-6 - (-1 - -1) - (-27 + 39 - 45)
27
Calculate -3 - (0 - 4) - (34 + -1 + -5).
-27
What is the value of 39 + -34 + (1 - (-1 - -1))?
6
24 - (5 - -14) - (15 + -1 + 3)
-12
What is the value of (-776 - -775) + (0 - -1)?
0
3 + -1 + -2 - (-1995 + 2006)
-11
Evaluate -14 + (7 - 5) + (5 - -3).
-4
What is 3 + (5 - -1) - ((0 - 10) + 5)?
14
Calculate (-25 - (7 - 40)) + -18 + 0 + -1.
-11
Evaluate 16 + (-10 + -18 - -21).
9
What is the value of (1 - 1) + 22 + (-41 - 22)?
-41
Calculate 201 + -210 + (5 + -1 - (-5 + 1)).
-1
Evaluate -17 - -1 - (98 + -105) - -9.
0
(2 + 1 - -5) + 2 + -5
5
What is the value of (-24 - -5) + -3 - (31 - 12 - 17)?
-24
What is (-2 + -4 + -4 - -9) + 10 + 1?
10
Evaluate (-15 - (-2 + 8 - 11)) + -2 + 7.
-5
What is the value of -8 + 12 + -13 + -3 + 3?
-9
7 - ((-7 - (-7 + 12)) + 9 - 5)
15
What is the value of 24 - (-17 + 26) - (0 - 0 - -6)?
9
What is -28 - (6 + (-13 - -5) + (1 - 6))?
-21
What is the value of -337 - -352 - (3 + -7)?
19
Evaluate -2 + 3 - ((-11 + -2 - -3) + -4).
15
What is the value of (-12 - 20 - -9) + 14?
-9
Calculate -22 + (53 - 32) + 0.
-1
Calculate 0 + 10 + (6 - (-9 + 8 + 7)).
10
What is the value of -25 - (-11 - (-12 - (-22 - -13)))?
-17
0 - -5 - (7 - (6 + -1))
3
What is the value of (2 - 0 - 4) + (-41 - 0) + 11?
-32
What is the value of (1 - -1) + (2 - -5 - 0) - 0?
9
(18 - 3) + -7 - (-7 + 13)
2
(-185 - -190) + -5 + 1 + -1 + -1
-1
(-10 - (-9 + 4) - -2) + 1 + 13
11
Calculate 842 + -818 - (23 - 1).
2
What is the value of 3 + 23 + (-76 - -64)?
14
13 - -7 - (0 - -3) - (3 - -2)
12
Evaluate -26 + (1 - 16 - -55).
14
Evaluate (4 - 1) + (-20 - ((-11 - -13) + -8)).
-11
What is 2 + -9 + 15 - 11?
-3
What is (2 + -9 + 3 - 5) + (-5 - -18)?
4
What is the value of -6 + 0 - (39 + (-11 - 1))?
-33
What is the value of (-5 - ((-6 - 2) + -9)) + 2?
14
Evaluate 14 - (-8 - (-15 - (-19 + 18))).
8
Evaluate 10 - (12 + -8 - (1 - 2)).
5
What is (0 - 6) + -1 + -13 - (-10 - -2)?
-12
Evaluate 23 - 20 - -3 - (-16 - (0 + -3)).
19
What is 30 - 1 - (-12 + 11 + -3)?
33
Evaluate (20 - 12) + 0 - 15.
-7
What is the value of (-2 - 3) + -6 + (2 - (-4 - -3))?
-8
23 - (8 + -2 - (0 - 1))
16
What is 2 + -23 + -206 + 246?
19
What is 8 - (-14 + 11 + -4 + 0)?
15
28 - (-8 - -19) - 19
-2
What is the value of 0 - (17 - 1 - 43 - -14)?
13
-12 - 2 - (-16 + 18)
-16
Calculate 11 - (2 + 5 + -19 + 7).
16
What is the value of 10 + (-8 - -1) + -3 + 3 + -3?
0
28 - (17 + -13 + 3)
21
-22 - (-5 - -5) - (5 + (-11 - 0))
-16
Calculate (7 + 13 + -25 - -8) + 20.
23
What is the value of (4 - 13) + 18 - 3?
6
Calculate 27 - -1 - (14 + 1).
13
Evaluate (8 - (-8 + 11)) + (-3 - -12).
14
1981 + -2009 + -1 + 10
-19
What is the value of 1 + -24 + 67 - 14?
30
What is the value of (-20 - -5 - -7) + 2 + -3 - -5?
-4
(-8 - (6 + -23 + 1)) + -8 - 12
-12
(-1 - (4 + -1)) + (-115 - -119)
0
Evaluate -23 - (12 + -21) - -35.
21
Evaluate (-36 - -32 - (0 + -9 + -3)) + 10.
18
What is the value of -21 + 31 - (-10 + -5 + 12 + -2)?
15
What is the value of (0 - 23) + 1 + (1936 - 1944)?
-30
Calculate (22 - (5 + -10 + 26 + -10)) + 4.
15
What is (9 - (-4 - (-1 - 5))) + 1 + 1?
9
What is 4 + 1 + (9 - (2 - (4 + -1)))?
15
Calculate -3 - (-65 - -70 - (0 - -8)).
0
(-5 - -7) + (-7 + 1 - -2)
-2
Evaluate 1 + -1 - (4 - (-2 - 0)).
-6
0 + -1 + 0 + 30 + -30 - 2
-3
-2 - (-10 - -16) - -28
20
Calculate 16 + -9 + -1 + -17 + 0 + -3.
-14
What is -1 - (2 + -6) - (11 - 4)?
-4
9 + (10 - (15 + -5) - 7)
2
What is the value of 7 - (0 + (-3 - 4) + 14 + -12)?
12
(-8 + 27 - -12) + -25
6
What is the value of 10 + (-10 - (-1 + -16)) + -3?
14
Calculate (1 - -9) + (3 - -28 - 25).
16
What is -15 + 39 + -22 - (3 + -1) - -11?
11
Calculate 4 + 10 + -7 + 2 + (-28 - -30).
11
Evaluate 147 + -136 + 0 + 3.
14
Evaluate -1225 - -1244 - ((7 - -1) + 0).
11
What is the value of -4 - (-34 - (-5 - 21))?
4
What is the value of -3 + -3 - (-11 + (3 - (9 - 4)))?
7
-3 - (-9 - 9) - 11
4
Calculate (2 - (0 + 0)) + 87 + -85.
4
Calculate 0 + -7 - (41 + (-37 - 2)).
-9
What is 15 + -29 + 16 - (-5 + 19)?
-12
What is -34 + 36 + -19 + -18?
-35
What is 0 - (-27 + (19 - -30))?
-22
Calculate 57 - (26 + 16) - 8.
7
What is the value of (-5 - (16 + -18)) + 10 + -2 + 1?
6
Calculate (4 - (5 - -3)) + -10 + -9 + 13.
-10
-9 + (-5 - -7) - -14
7
Calculate (-15 - 1) + (-17 - -39 - 18).
-12
Calculate (-6 - (-12 - (16 - 9))) + -11.
2
-14 - (-6 + 0 + 1 + 9 - 9)
-9
Calculate (-3 - 37) + 35 - -37.
32
Evaluate 1 + -4 - (10 + (-26 - (-4 + -1))).
8
Calculate 15 + -22 - (-9 - -13).
-11
What is -15 - (10 + (-28 - 3))?
6
(-9 + 1 - -6 - 0) + -8
-10
Calculate (-2 + 7 - -19 - 4) + -12.
8
What is -11 - 0 - (1 - -13) - 0 - -8?
-17
Calculate 3 + 7 - -6 - 5 - (1 - 3).
13
What is 17 + -32 + (-6 - (-7 + -8))?
-6
Evaluate 32 + (-26 - -1) + -30.
-23
Calculate -9 - (15 - 2 - 0) - (14 + -5).
-31
What is (-15 - -16) + 2 + 9 + -1?
11
What is 15 + 1 + (-6 - -17 - -5)?
32
What is the value of 14 + (-26 - -24) + -1 + -11?
0
Calculate -10 + 4 - (1 - 7) - -3.
3
What is (2 - 3) + (8 - 6 - 19)?
-18
Calculate (7 + 2 + 1 - 16) + 11.
5
What is 65 - (-9 + -10 - -53)?
31
(59 - 29) + -62 + 32
0
What is the value of (1 - (-12 + 2)) + 0 + -1?
10
Calculate 3 + 3 + -4 + 12 - 8.
6
What is the value of 2 - 2 - -1 - (1 - 1)?
1
What is (-31 + 31 + 8 - (-2 - 0)) + -34?
-24
Evaluate (6 - 0 - 11) + (2 - 7 - 0).
-10
Calculate -14 + -1 - (67 + -96).
14
Evaluate -16 - (-70 + 70 - (3 + -1)) - -2.
-12
Calculate (-1 - (4 - 0)) + 147 + -136.
6
What is (11 - ((18 - 8 - -1) + -6)) + 8?
14
What is -1 + 6 + (61 - 51)?
15
Calculate (-60 - -64) + (-1 - (18 + -1)).
-14
Evaluate -9 + -10 + -18 - -52.
15
Calculate -1 + 7 + -2 - 11 - (0 - 6).
-1
Evaluate 11 - (8 - (6 + -5)).
4
Calculate -19 - -41 - 29 - (-1 + 1).
-7
What is the value of -4 + 0 + 38 + (-14 - -8)?
28
Calculate 17 - ((4 - -16) + -4) - 16.
-15
What is (30 - (-17 - -26)) + (7 - 0)?
28
80 + -40 + -62 - -37
15
What is 22 + (-36 - -21) + -5?
2
What is 27 + -10 + -35 + 23?
5
Calculate (-8 - (-22 - (-8 - 3))) + 2 + 3.
8
What is -11 + 1 + -285 + 303?
8
Calculate 2 + -3 - (7 - 1 - (-49 + 53)).
-3
What is the value of 6 - (-2 - (-9 - 2)) - 4?
-7
Evaluate -3 + -16 - (-4 - (11 + -28)).
-32
What is the value of -39 + 27 + (2 - 0)?
-10
Calculate (-21 + 36 - 1) + (0 - 0) + 8.
22
What is -12 + 1 + (12 - (2 - 9)) - 8?
0
Evaluate -34 + (10 - -11) - (-2 + -3).
-8
Evaluate (7 - (6 + -8)) + 6.
15
What is 2 + (-38 - (-11 - (8 - 7)))?
-24
Evaluate -9 - -5 - -2 - (-2 - 20).
20
What is 0 - (-5 + 0 - (-22 - -2)) - -2?
-13
What is -26 + 2 + (2 - 16 - -29)?
-9
What is (-6 + 7 - 5) + (-2 - -5)?
-1
What is (11 - (-1 - -1 - (-15 + 12))) + -5?
3
What is the value of 15 + -22 + 0 + 24?
17
Evaluate 0 + 0 - (-27 - (-23 - -13)).
17
8 + (10 + -17 - 11)
-10
Calculate -42 + 35 + (-6 - 2 - -4).
-11
Calculate 95 - 121 - (2 + 3 + -5).
-26
Evaluate -9 + -4 - -2 - -12 - (0 - -8).
-7
Evaluate 32 - 33 - 33 - -10.
-24
Evaluate -5 + 0 + -2 - ((-29 - -37) + -30).
15
Calculate 5 - (-2 + 24 + -5 + 6 + -13).
-5
What is 29 - (-2 + 8 - (76 + -76))?
23
What is the value of -34 - ((6 - 3) + (11 - (-12 - -31)))?
-29
What is the value of 1 + (14 - 4) - 12?
-1
What is 16 + (-15 + -7 - -7)?
1
Evaluate -32 + (20 + -3 - -3).
-12
What is 0 - 7 - (-12 - (27 + 8 + -17))?
23
Calculate (-2 + 0 - -12 